et w be h(2). Suppose -k = 5*f + 23, 3*k + f + w = 2*k. Let o(s) = 2 - 4*s**2 - 29*s + 10*s**2 + 14*s + 11*s - 1 - 8*s**2. Determine o(k).
-5
Let l(d) = -d**3 + 20*d**2 - 17*d - 30. Suppose 27*u - 473 = -5*r, 97 = 46*u - 43*u - 5*r. Calculate l(u).
8
Let j(d) = 11*d**2 + 7*d + 4. Let u(r) = -49*r**2 - 27*r - 15. Let a(i) = 9*j(i) + 2*u(i). Let v = -27 - -21. Let y be 3 - 2*(-33)/v. Calculate a(y).
-2
Let o(q) = -q**2 + 15*q - 5. Let r be o(8). Let y = r + -49. Let m(i) = -4*i - 8*i + 1 + 10*i + 3*i**y + 1 + i**3. Calculate m(-4).
-6
Let s be -2 + 0/1 + 0. Let y be 0 - (8 - (0 + 10)). Let o(q) = 3*q**2 - 6*q - 4. Let t(b) = 5*b**2 - 7*b - 5. Let w(n) = y*t(n) - 3*o(n). Calculate w(s).
-2
Let i(a) = -2*a**2 + 2*a + 108. Suppose 0 = 2636*z - 2681*z. Determine i(z).
108
Let c(f) be the second derivative of 0 + 1/20*f**5 - 4/3*f**3 + 37*f + 1/2*f**4 + 0*f**2. Calculate c(-7).
7
Let t(y) = -19*y - 4. Let k = -37220 - -37222. Give t(k).
-42
Let x = 32 - 26. Suppose x*d - 18 = -0. Let l(n) = 11 + d*n**2 - 6 - 2*n**2 - 3*n. Determine l(5).
15
Let u(a) = -8*a**3 + a**2 - a - 2. Let w(o) = -33*o**3 + 8*o**2 - 7. Let y(p) = -4*u(p) + w(p). Calculate y(4).
17
Suppose -4*u = -3*u + 7. Let f(p) be the third derivative of 2*p**2 + 1/24*p**4 + 0*p - 10 + 2/3*p**3. Give f(u).
-3
Let x(h) = h + 3. Let q(z) = -3*z + 56. Let b be q(13). Suppose -b*s + 78 + 7 = 0. Determine x(s).
8
Let j(i) = -10*i - 2. Let v(m) = -14*m - 3. Let t(p) = -4*j(p) + 3*v(p). Give t(9).
-19
Let g(s) = 7*s**2 + 6*s - 4*s - s**3 - 8*s - 12 - 6*s**2. Determine g(-4).
92
Suppose -89 = 3*m + k - 5*k, -2*k = 4*m + 82. Let c = m - -26. Let w(v) = -2*v - 3 - 2*v + c*v. Give w(0).
-3
Suppose 9*s + 18*s = 69*s. Let v(w) be the second derivative of 0*w**2 + s + 5/3*w**3 - 41*w. What is v(1)?
10
Let b be 3/(6/122) + (2 - 2). Let w = b + -58. Suppose -w*m = m - 0*m. Let f(d) = d**2 + d + 6. Determine f(m).
6
Suppose 557*r - 269*r - 220 = 268*r. Let n(k) = k**3 - 10*k**2 - 9*k - 24. Determine n(r).
-2
Let k = -618 + 626. Suppose -k*g + 31 = -49. Let c(l) = -l - 7. Give c(g).
-17
Let q(r) be the first derivative of -52*r + 52 - 1/12*r**4 + 3*r**2 - 1/3*r**3. Let f(j) be the first derivative of q(j). What is f(-5)?
-9
Let n = -7456 - -7424. Let b(h) = -h**3 - 30*h**2 + 70*h + 185. Determine b(n).
-7
Let x(f) be the first derivative of f**3/3 + 14*f**2 - 30*f + 1924. What is x(1)?
-1
Let j(q) = q**2 + 18 - 6*q - 6*q + 8*q + 3*q + 13*q. Determine j(-13).
31
Let b(v) = -7*v**2 - 61*v + 12. Let m be 10/(-60) + (-5 - 44/24 - 2). Determine b(m).
-6
Let m(o) = -10*o - 863. Let y be m(-86). Let t(g) = 5*g + 24. Let i(j) = -2*j - 8. Suppose -a - 3*a = 16, 2*a = w. Let v(h) = w*i(h) + y*t(h). Give v(0).
-8
Let m(j) be the second derivative of j**4/6 - 13*j**3 - 89*j**2/2 + 156*j. Calculate m(40).
-9
Suppose -50 = u - 4*c + 3*c, -5*u - 230 = 5*c. Let m = -49 - u. Let r(o) = -5*o - 1. Let h(b) = b + 1. Let g(x) = m*r(x) - 2*h(x). Calculate g(4).
11
Let c(r) = -16*r**3 - 897*r**2 - 40*r + 4. Let v(k) = 3*k**3 + 164*k**2 + 8*k - 1. Let o(n) = 2*c(n) + 11*v(n). Give o(-10).
-83
Let g(r) = r - 2. Let w(y) = -y**3 - 22*y**2 + 47*y - 12. Let l be w(-24). Suppose -l = 6*j + 18. Determine g(j).
-7
Let q(k) = -4*k**3 - 5*k**2 - 2*k - 2. Let f = 282 - 278. Let c(t) = -4*t**3 - 7*t**2 - 2*t - 3. Let d(r) = f*q(r) - 3*c(r). Calculate d(1).
-4
Suppose 176 = 27*v - 5*v. Let q(z) be the third derivative of z**4/24 - 7*z**3/3 + 184*z**2. Determine q(v).
-6
Let m(d) be the third derivative of 11*d**4/8 - 131*d**3/3 + 2993*d**2. Calculate m(8).
2
Let q(j) = -3*j - 21. Let c be 1 + (15/(525/(-14)))/((-4)/(-20)). Calculate q(c).
-18
Let t(k) = -4*k + 29. Let p be (12 - ((-4225)/(-13))/13) + 7. What is t(p)?
53
Let q be (-31 - (-3634)/115) + 86/(-10). Let m(d) = d**2 + 2*d - 4. What is m(q)?
44
Let y(f) = 8*f + 40842 + 34*f - 49*f - 40841. Suppose 5*n + 3 + 9 = -2*k, -k - 5*n - 16 = 0. Give y(k).
-27
Let p be (-489 - -495) + ((-2)/3)/(1/18). Let a = -7 - -11. Let t(h) = -4 + 4 + 6 - 2 - a*h - h**2. What is t(p)?
-8
Let p(m) = -2*m - 1. Let j(d) = -35. Let r(y) = -j(y) - 3*p(y). Let z(k) = -2*k - 13. Let q(a) = 3*r(a) + 8*z(a). Give q(-5).
0
Let w = -49 + 52. Let m(u) = -10*u + 13*u + u**3 - 6*u**2 - w*u. Give m(6).
0
Let l(y) = y**2 + 56*y + 254. Let q be l(-51). Let k(b) = -9*b**2 + 10*b + 10. Determine k(q).
-9
Let w(o) be the third derivative of o**5/60 - o**4/24 - 40*o**3/3 + 8418*o**2. What is w(10)?
10
Let x(d) be the second derivative of -2*d**3/3 + 97*d**2/2 + 2351*d. What is x(23)?
5
Let a(z) = 3*z**3 - 25*z**2 + 4*z + 69. Let c(h) = h**3 - 9*h**2 + 2*h + 26. Let m(y) = -3*a(y) + 8*c(y). Determine m(4).
1
Suppose -4*k - 23*b + 24*b + 113 = 0, -3*k + 4*b + 75 = 0. Let w(t) = 36*t - 12 - 16*t - t**2 - k*t. Determine w(-9).
-12
Let k(g) = -5*g**2 + 8*g**2 - 69*g**3 + 68*g**3 + 7*g**2 - 24. Calculate k(10).
-24
Let q(m) = 5*m**3 + 2*m**2 - 6. Let h(z) = z**3 + 1. Let l(y) = 5*h(y) + q(y). Suppose 6*f - 8*f = -2. Let j be f/(3/(-7 + 4)). Give l(j).
-9
Let v(u) be the third derivative of -u**6/120 + u**5/10 + 5*u**4/12 - 4*u**3/3 - 6*u**2. Let i be (5/10)/(3/42). Give v(i).
13
Suppose -5*i - 22 = -2*o, -28 - 16 = -4*o - 3*i. Let l(s) = o*s - 2 + 14 + s**2 - 7. Suppose 22*d = 8*d - 84. Give l(d).
-25
Let n(o) be the second derivative of 1/12*o**4 + 0 - 5/3*o**3 + 7/2*o**2 + 55*o. Calculate n(9).
-2
Let b(p) = 12*p + 255. Let f(c) = -4*c**3 + 36*c**2 - 92*c + 26. Let k be f(4). Calculate b(k).
-9
Let p(b) be the first derivative of -217 - b**2 - 1/4*b**4 - b + 2*b**3. Determine p(5).
14
Let d = 1203 - 1199. Let z(k) be the third derivative of 0*k + 0 - 1/3*k**3 - 1/15*k**5 + 0*k**4 - k**2 + 1/120*k**6. What is z(d)?
-2
Suppose 3*l - r - 14 = r, -20 = -2*l - 4*r. Suppose -4*w = -l*w + 4. Let s be (2/24*15)/(w/8). Let m(i) = -i**2 + 2*i - 1. Calculate m(s).
-16
Let k(v) be the second derivative of 1/40*v**5 + 3*v**3 + 5/24*v**4 + 0 + 0*v**2 + 6*v. Let z(u) be the second derivative of k(u). Give z(-4).
-7
Let k(r) = -r**2 - 11*r - 8. Let v be k(-10). Let u(q) = -v*q + 3*q**3 + 1 - 3*q**3 + q**3. Let z be (-6)/10*(-355)/213. What is u(z)?
0
Let o(a) = 1718*a**2 + 1712*a**2 + 2 + 5*a - 3431*a**2. Suppose -2*s = -4 - 14. Let l = s + -4. Determine o(l).
2
Let z be -4*(-3)/18*3. Suppose r + 6 = z*r. Suppose 0 = -4*w + r + 6. Let g(o) = -o**3 + 3*o**2 + 2*o - 3. Give g(w).
3
Let l = 1 - -1. Let y(q) = 55*q - 1 - 34*q - 26*q. Let z(r) = 1. Let m(j) = y(j) + 2*z(j). Determine m(l).
-9
Let x(z) be the first derivative of 2*z**3/3 - 9*z**2/2 - 34*z + 4054. What is x(-3)?
11
Let i(n) = 6*n**2 - 12*n**2 + 25 + 2*n**2 + 4*n**2 + n**2 + 913*n - 901*n. Let k be -18*((-2)/(-4))/1. Calculate i(k).
-2
Let v(i) = 130 + 3*i**2 + 12*i + 129 - 261 - 7*i. Determine v(-6).
76
Let h(r) be the third derivative of -7*r**6/120 + r**5/20 + 5*r**4/8 - 17*r**3/6 + 2*r**2 + 1293. Give h(1).
-6
Let y(c) = -c**2 - 8*c + 203. Let b be -11*(-17)/11 + -6. Determine y(b).
-6
Let m(v) = -v**2 + 7*v. Suppose -u = -13*r + 10*r - 9, 2*r = u - 7. Suppose u = 5*t - 3*h - h, -h + 9 = 2*t. Determine m(t).
12
Suppose -206 + 178 = -2*k. Let f(u) = -11*u + 8*u + k*u - 12*u + 2. Give f(6).
-4
Let p = -147 - -190. Let c(i) = -p*i**2 + 7*i - 40*i**2 + 11 + 5*i + 82*i**2. Calculate c(8).
43
Let z(h) = h + 1. Let j(r) = r**3 + 2*r**2 - 4*r - 10. Let v = 23 + -26. Let a be j(v). What is z(a)?
-6
Let l(w) = -2*w**2 + 10*w + 2. Suppose -673*s = -686*s + 65. Give l(s).
2
Let t(r) be the third derivative of -r**6/120 - r**5/5 + r**4/24 + 2*r**3/3 + 7*r**2 + 22*r. What is t(-11)?
-128
Let k(d) = -2*d**3 + 35*d**2 - 5*d - 4. Let i(h) = h**3 - 17*h**2 + 2*h + 2. Let l(p) = -5*i(p) - 2*k(p). Let x be -15 - ((-20)/(-6))/((-5)/45). Determine l(x).
-2
Let d be (-2730)/(-364)*28/30. Let v(t) be the third derivative of -t**4/12 + 2*t**3 - 2*t**2. Give v(d).
-2
Let j = -118 + 130. Suppose c - 3*u - 3 = -4*u, j = 4*c - 3*u. Let k(z) = 3*z**3 - 3*z + 5*z**2 - 3*z**2 - 4*z**3 + c*z**3. What is k(-3)?
-27
Let y(z) be the second derivative of -z**5/60 + z**4/4 + z**3 - 73*z**2/2 + 5*z - 2. Let h(f) be the first derivative of y(f). Determine h(8).
-10
Let q(v) be the first derivative of 3*v**2 - 49*v - 6462. Give q(6).
-13
Let p(u) be the first derivative of 7*u**2/2 + 1. Let n(x) = 3*x**2 + 7*x**2 - 9*x**